ommon divisor of 154 and 88.
22
What is the highest common factor of 496 and 31?
31
Calculate the highest common divisor of 239 and 29158.
239
Calculate the greatest common divisor of 48 and 1488.
48
What is the highest common divisor of 187 and 913?
11
What is the greatest common factor of 148 and 21386?
74
Calculate the greatest common factor of 663 and 153.
51
What is the highest common factor of 182 and 1066?
26
What is the highest common divisor of 118 and 60?
2
Calculate the highest common factor of 708 and 24.
12
Calculate the greatest common divisor of 795 and 30.
15
What is the greatest common divisor of 15 and 29835?
15
What is the greatest common factor of 10 and 145?
5
Calculate the greatest common factor of 250 and 270.
10
Calculate the highest common factor of 2241 and 1909.
83
What is the highest common divisor of 131 and 4061?
131
What is the greatest common factor of 470 and 40?
10
What is the greatest common factor of 72 and 1881?
9
Calculate the greatest common divisor of 4065 and 4336.
271
Calculate the greatest common divisor of 109 and 3.
1
What is the greatest common factor of 344 and 8?
8
Calculate the highest common factor of 6 and 538.
2
What is the highest common divisor of 93 and 231?
3
What is the greatest common divisor of 750 and 225?
75
What is the highest common divisor of 213 and 852?
213
Calculate the greatest common factor of 13 and 27.
1
What is the greatest common divisor of 32 and 1440?
32
What is the highest common divisor of 10 and 10390?
10
Calculate the highest common divisor of 217 and 310.
31
Calculate the greatest common divisor of 1316 and 28.
28
What is the highest common divisor of 110 and 12155?
55
Calculate the highest common factor of 24 and 87.
3
What is the highest common divisor of 1370 and 590?
10
Calculate the greatest common divisor of 52 and 130.
26
What is the highest common divisor of 15549 and 219?
219
What is the greatest common factor of 3344 and 48?
16
Calculate the highest common divisor of 189 and 2919.
21
What is the highest common factor of 23 and 92?
23
What is the greatest common divisor of 1 and 3567?
1
What is the highest common divisor of 3942 and 54?
54
What is the highest common divisor of 205 and 145?
5
What is the highest common factor of 9 and 3?
3
Calculate the greatest common factor of 5 and 605.
5
Calculate the highest common divisor of 180 and 630.
90
What is the highest common divisor of 736 and 69?
23
What is the highest common divisor of 80 and 310?
10
Calculate the greatest common factor of 9 and 324.
9
Calculate the greatest common factor of 124 and 93.
31
What is the highest common factor of 24 and 1452?
12
What is the highest common divisor of 3072 and 12?
12
Calculate the greatest common divisor of 25547 and 59.
59
What is the highest common divisor of 572 and 33?
11
What is the highest common factor of 34 and 221?
17
Calculate the greatest common divisor of 2887 and 1.
1
Calculate the highest common divisor of 10566 and 36.
18
Calculate the greatest common divisor of 2723 and 6224.
389
What is the greatest common factor of 338 and 8?
2
Calculate the greatest common factor of 308 and 1298.
22
What is the greatest common factor of 231 and 66?
33
What is the greatest common factor of 19 and 3781?
19
What is the greatest common factor of 1343 and 17?
17
What is the greatest common factor of 4 and 336?
4
Calculate the highest common divisor of 720 and 60.
60
Calculate the greatest common divisor of 38 and 38.
38
What is the greatest common factor of 627 and 114?
57
Calculate the highest common factor of 2090 and 30.
10
Calculate the greatest common factor of 803 and 121.
11
What is the greatest common divisor of 912 and 570?
114
Calculate the highest common factor of 408 and 6069.
51
Calculate the greatest common factor of 253 and 264.
11
What is the greatest common divisor of 30536 and 88?
88
What is the highest common factor of 138 and 322?
46
What is the greatest common factor of 48 and 60?
12
Calculate the highest common factor of 561 and 33.
33
Calculate the highest common factor of 145 and 15.
5
What is the highest common divisor of 99941 and 139?
139
What is the highest common factor of 66 and 440?
22
What is the highest common divisor of 240 and 600?
120
What is the highest common factor of 4 and 188?
4
Calculate the greatest common factor of 424 and 3869.
53
Calculate the highest common factor of 1457 and 124.
31
Calculate the greatest common factor of 325 and 624.
13
What is the highest common divisor of 3140 and 7222?
314
What is the greatest common divisor of 235 and 2867?
47
What is the greatest common divisor of 455 and 91?
91
What is the greatest common factor of 176 and 484?
44
What is the greatest common factor of 470 and 70?
10
What is the greatest common divisor of 48 and 452?
4
Calculate the highest common factor of 3051 and 27.
27
Calculate the greatest common factor of 46 and 92.
46
What is the highest common divisor of 106 and 265?
53
Calculate the highest common factor of 1 and 678.
1
Calculate the greatest common divisor of 872 and 192.
8
Calculate the greatest common factor of 16 and 46.
2
Calculate the highest common factor of 7755 and 141.
141
Calculate the greatest common divisor of 6 and 38.
2
Calculate the greatest common divisor of 196 and 1862.
98
Calculate the highest common divisor of 55 and 10835.
55
Calculate the highest common factor of 18 and 1926.
18
What is the greatest common factor of 90 and 120?
30
What is the greatest common divisor of 40 and 23620?
20
What is the greatest common factor of 343 and 147?
49
Calculate the highest common factor of 2301 and 39.
39
Calculate the greatest common factor of 238 and 136.
34
Calculate the greatest common factor of 900 and 252.
36
What is the highest common factor of 179 and 21659?
179
What is the greatest common divisor of 1248 and 768?
96
What is the highest common factor of 306 and 459?
153
Calculate the highest common factor of 28 and 1372.
28
What is the highest common divisor of 240 and 60?
60
Calculate the greatest common factor of 30 and 17340.
30
What is the highest common factor of 27 and 3051?
27
What is the greatest common divisor of 102 and 2193?
51
Calculate the highest common divisor of 4719 and 5808.
363
What is the highest common divisor of 21 and 133?
7
What is the highest common divisor of 405 and 15?
15
What is the greatest common factor of 8 and 80?
8
What is the highest common factor of 240 and 5880?
120
What is the highest common factor of 57 and 38?
19
What is the greatest common divisor of 8 and 12?
4
What is the greatest common divisor of 39 and 6981?
39
What is the highest common divisor of 316 and 4?
4
Calculate the greatest common factor of 96 and 30.
6
Calculate the greatest common divisor of 80 and 170.
10
Calculate the greatest common divisor of 8 and 3428.
4
Calculate the highest common factor of 54172 and 116.
116
What is the greatest common divisor of 2236 and 516?
172
Calculate the greatest common factor of 6 and 846.
6
What is the highest common factor of 26 and 234?
26
What is the highest common factor of 798 and 4047?
57
Calculate the highest common divisor of 20 and 160.
20
What is the greatest common factor of 188 and 47?
47
Calculate the highest common divisor of 56 and 3304.
56
What is the highest common divisor of 1800 and 6975?
225
Calculate the greatest common factor of 38 and 209.
19
What is the highest common factor of 1016 and 8?
8
Calculate the highest common factor of 5438 and 2.
2
What is the highest common divisor of 16 and 9656?
8
Calculate the highest common factor of 56 and 742.
14
Calculate the greatest common divisor of 9853 and 59.
59
What is the highest common divisor of 2261 and 238?
119
Calculate the greatest common divisor of 8650 and 250.
50
What is the greatest common divisor of 5 and 7?
1
What is the greatest common factor of 12 and 81?
3
What is the highest common factor of 675 and 1175?
25
What is the greatest common factor of 976 and 640?
16
Calculate the highest common divisor of 989 and 138.
23
Calculate the greatest common divisor of 15 and 120.
15
Calculate the highest common factor of 36 and 3042.
18
Calculate the highest common factor of 63 and 3129.
21
What is the greatest common factor of 8 and 